{"id":7,"date":"2015-06-08T13:31:31","date_gmt":"2015-06-08T13:31:31","guid":{"rendered":"http:\/\/klein-kaffee.de\/?page_id=7"},"modified":"2024-01-21T17:26:27","modified_gmt":"2024-01-21T17:26:27","slug":"kaffeemaschinen","status":"publish","type":"page","link":"https:\/\/klein-kaffee.de\/?page_id=7","title":{"rendered":"Kaffeemaschinen"},"content":{"rendered":"\n<p>Mit der Auswahl der richtigen Kaffeemaschine ist man schnell \u00fcberfordert: Was brauche ich eigentlich? Welche Vorteile hat ein Vollautomat? Ganze Bohne oder Filterkaffee? Frischmilch oder Milchpulver? Eine fundierte Beratung ist deshalb unverzichtbar.<br>Wir helfen Ihnen gerne dabei, die ideale L\u00f6sung f\u00fcr Ihren Betrieb zu finden!<\/p>\n\n\n\n<p>Ein unverbindlicher Anruf verschafft Ihnen einen \u00dcberblick und bringt Sie der richtigen Kaffeemaschine einen Schritt n\u00e4her.<\/p>\n\n\n\n<p>Sie erreichen uns unter 02266 5205.<\/p>\n\n\n\n<figure class=\"wp-block-table is-style-stripes\"><table><tbody><tr><td class=\"has-text-align-center\" data-align=\"center\"><a class=\"customClassLink\" href=\"https:\/\/www.juragastroworld.de\/de\">Jura<\/a><\/td><td class=\"has-text-align-center\" data-align=\"center\"><a class=\"customClassLink\" href=\"http:\/\/klein-kaffee.de\/?page_id=164\">Bonamat<\/a><\/td><td class=\"has-text-align-center\" data-align=\"center\"><a href=\"https:\/\/www.rv-servomat.de\">Servomat Steigler<\/a><\/td><td class=\"has-text-align-center\" data-align=\"center\"><a class=\"customClassLink\" href=\"http:\/\/klein-kaffee.de\/?page_id=633\">Necta<\/a><\/td><td class=\"has-text-align-center\" data-align=\"center\"><a class=\"customClassLink\" href=\"http:\/\/klein-kaffee.de\/?page_id=247\">DeJong<\/a><\/td><td class=\"has-text-align-center\" data-align=\"center\"><a class=\"customClassLink\" href=\"http:\/\/klein-kaffee.de\/?page_id=249\">Francesconi<\/a><\/td><\/tr><\/tbody><\/table><\/figure>\n","protected":false},"excerpt":{"rendered":"<p>Mit der Auswahl der richtigen Kaffeemaschine ist man schnell \u00fcberfordert: Was brauche ich eigentlich? Welche Vorteile hat ein Vollautomat? Ganze Bohne oder Filterkaffee? Frischmilch oder Milchpulver? Eine fundierte Beratung ist deshalb unverzichtbar.Wir helfen Ihnen gerne dabei, die ideale L\u00f6sung f\u00fcr Ihren Betrieb zu finden! Ein unverbindlicher Anruf verschafft Ihnen einen \u00dcberblick und bringt Sie der [&hellip;]<\/p>\n","protected":false},"author":1,"featured_media":0,"parent":0,"menu_order":0,"comment_status":"closed","ping_status":"closed","template":"","meta":{"site-sidebar-layout":"default","site-content-layout":"","ast-site-content-layout":"default","site-content-style":"default","site-sidebar-style":"default","ast-global-header-display":"","ast-banner-title-visibility":"","ast-main-header-display":"","ast-hfb-above-header-display":"","ast-hfb-below-header-display":"","ast-hfb-mobile-header-display":"","site-post-title":"","ast-breadcrumbs-content":"","ast-featured-img":"","footer-sml-layout":"","theme-transparent-header-meta":"","adv-header-id-meta":"","stick-header-meta":"","header-above-stick-meta":"","header-main-stick-meta":"","header-below-stick-meta":"","astra-migrate-meta-layouts":"set","ast-page-background-enabled":"default","ast-page-background-meta":{"desktop":{"background-color":"var(--ast-global-color-4)","background-image":"","background-repeat":"repeat","background-position":"center center","background-size":"auto","background-attachment":"scroll","background-type":"","background-media":"","overlay-type":"","overlay-color":"","overlay-gradient":""},"tablet":{"background-color":"","background-image":"","background-repeat":"repeat","background-position":"center center","background-size":"auto","background-attachment":"scroll","background-type":"","background-media":"","overlay-type":"","overlay-color":"","overlay-gradient":""},"mobile":{"background-color":"","background-image":"","background-repeat":"repeat","background-position":"center center","background-size":"auto","background-attachment":"scroll","background-type":"","background-media":"","overlay-type":"","overlay-color":"","overlay-gradient":""}},"ast-content-background-meta":{"desktop":{"background-color":"var(--ast-global-color-5)","background-image":"","background-repeat":"repeat","background-position":"center center","background-size":"auto","background-attachment":"scroll","background-type":"","background-media":"","overlay-type":"","overlay-color":"","overlay-gradient":""},"tablet":{"background-color":"var(--ast-global-color-5)","background-image":"","background-repeat":"repeat","background-position":"center center","background-size":"auto","background-attachment":"scroll","background-type":"","background-media":"","overlay-type":"","overlay-color":"","overlay-gradient":""},"mobile":{"background-color":"var(--ast-global-color-5)","background-image":"","background-repeat":"repeat","background-position":"center center","background-size":"auto","background-attachment":"scroll","background-type":"","background-media":"","overlay-type":"","overlay-color":"","overlay-gradient":""}},"footnotes":""},"_links":{"self":[{"href":"https:\/\/klein-kaffee.de\/index.php?rest_route=\/wp\/v2\/pages\/7"}],"collection":[{"href":"https:\/\/klein-kaffee.de\/index.php?rest_route=\/wp\/v2\/pages"}],"about":[{"href":"https:\/\/klein-kaffee.de\/index.php?rest_route=\/wp\/v2\/types\/page"}],"author":[{"embeddable":true,"href":"https:\/\/klein-kaffee.de\/index.php?rest_route=\/wp\/v2\/users\/1"}],"replies":[{"embeddable":true,"href":"https:\/\/klein-kaffee.de\/index.php?rest_route=%2Fwp%2Fv2%2Fcomments&post=7"}],"version-history":[{"count":34,"href":"https:\/\/klein-kaffee.de\/index.php?rest_route=\/wp\/v2\/pages\/7\/revisions"}],"predecessor-version":[{"id":724,"href":"https:\/\/klein-kaffee.de\/index.php?rest_route=\/wp\/v2\/pages\/7\/revisions\/724"}],"wp:attachment":[{"href":"https:\/\/klein-kaffee.de\/index.php?rest_route=%2Fwp%2Fv2%2Fmedia&parent=7"}],"curies":[{"name":"wp","href":"https:\/\/api.w.org\/{rel}","templated":true}]}}