{"id":5,"date":"2015-06-08T13:30:20","date_gmt":"2015-06-08T13:30:20","guid":{"rendered":"http:\/\/klein-kaffee.de\/?page_id=5"},"modified":"2023-01-28T10:28:33","modified_gmt":"2023-01-28T10:28:33","slug":"kaffee","status":"publish","type":"page","link":"https:\/\/klein-kaffee.de\/?page_id=5","title":{"rendered":"Westhoff"},"content":{"rendered":"\n<p>Der von uns angebotene Westhoff-Gastronomiekaffee unterscheidet sich qualitativ von den regul\u00e4ren Kaffeeangeboten aus dem Einzelhandel.<br>Hochwertige Rohkaffees und individuelle Parameter im R\u00f6stverfahren garantieren h\u00f6chste Qualit\u00e4t, die im Aroma deutlich wird. Zudem zeichnen sich unsere Produkte durch eine h\u00f6here Ergiebigkeit aus als gew\u00f6hnliche Kaffeesorten.<\/p>\n\n\n\n<p>Der&nbsp;Name Westhoff steht f\u00fcr eine kompromisslose Qualit\u00e4tsphilosophie, verbunden mit stetiger Innovationskraft und modernster Technologie.<br>Leitgedanke der R\u00f6sterei&nbsp;ist es, auf allen Ebenen h\u00f6chstm\u00f6gliche Qualit\u00e4t zu bieten.<\/p>\n\n\n\n<figure class=\"wp-block-image aligncenter\"><a href=\"http:\/\/klein-kaffee.de\/wp-content\/uploads\/2015\/06\/Sortiment.jpg\"><img loading=\"lazy\" decoding=\"async\" width=\"1024\" height=\"596\" src=\"http:\/\/klein-kaffee.de\/wp-content\/uploads\/2015\/06\/Sortiment-e1437471583372-1024x596.jpg\" alt=\"Sortiment\" class=\"wp-image-482\" srcset=\"https:\/\/klein-kaffee.de\/wp-content\/uploads\/2015\/06\/Sortiment-e1437471583372-1024x596.jpg 1024w, https:\/\/klein-kaffee.de\/wp-content\/uploads\/2015\/06\/Sortiment-e1437471583372-300x175.jpg 300w, https:\/\/klein-kaffee.de\/wp-content\/uploads\/2015\/06\/Sortiment-e1437471583372.jpg 1417w\" sizes=\"(max-width: 1024px) 100vw, 1024px\" \/><\/a><\/figure>\n\n\n\n<figure class=\"wp-block-table alignfull is-style-stripes\"><table><tbody><tr><td class=\"has-text-align-center\" data-align=\"center\"><a href=\"http:\/\/klein-kaffee.de\/?page_id=566\">Bio\/Fairtrade<\/a><\/td><td class=\"has-text-align-center\" data-align=\"center\"><a href=\"http:\/\/klein-kaffee.de\/?page_id=493\">Schokolade<\/a><\/td><td class=\"has-text-align-center\" data-align=\"center\"><a href=\"http:\/\/klein-kaffee.de\/?page_id=487\">Tee<\/a><\/td><td class=\"has-text-align-center\" data-align=\"center\"><a href=\"http:\/\/klein-kaffee.de\/?page_id=552\">Vending<\/a><\/td><td class=\"has-text-align-center\" data-align=\"center\"><a href=\"http:\/\/klein-kaffee.de\/?page_id=535\">Convenience<\/a><\/td><\/tr><\/tbody><\/table><\/figure>\n","protected":false},"excerpt":{"rendered":"<p>Der von uns angebotene Westhoff-Gastronomiekaffee unterscheidet sich qualitativ von den regul\u00e4ren Kaffeeangeboten aus dem Einzelhandel.Hochwertige Rohkaffees und individuelle Parameter im R\u00f6stverfahren garantieren h\u00f6chste Qualit\u00e4t, die im Aroma deutlich wird. Zudem zeichnen sich unsere Produkte durch eine h\u00f6here Ergiebigkeit aus als gew\u00f6hnliche Kaffeesorten. Der&nbsp;Name Westhoff steht f\u00fcr eine kompromisslose Qualit\u00e4tsphilosophie, verbunden mit stetiger Innovationskraft und modernster [&hellip;]<\/p>\n","protected":false},"author":1,"featured_media":0,"parent":0,"menu_order":0,"comment_status":"closed","ping_status":"closed","template":"","meta":{"site-sidebar-layout":"default","site-content-layout":"","ast-site-content-layout":"","site-content-style":"default","site-sidebar-style":"default","ast-global-header-display":"","ast-banner-title-visibility":"","ast-main-header-display":"","ast-hfb-above-header-display":"","ast-hfb-below-header-display":"","ast-hfb-mobile-header-display":"","site-post-title":"","ast-breadcrumbs-content":"","ast-featured-img":"","footer-sml-layout":"","theme-transparent-header-meta":"","adv-header-id-meta":"","stick-header-meta":"","header-above-stick-meta":"","header-main-stick-meta":"","header-below-stick-meta":"","astra-migrate-meta-layouts":"default","ast-page-background-enabled":"default","ast-page-background-meta":{"desktop":{"background-color":"var(--ast-global-color-4)","background-image":"","background-repeat":"repeat","background-position":"center center","background-size":"auto","background-attachment":"scroll","background-type":"","background-media":"","overlay-type":"","overlay-color":"","overlay-gradient":""},"tablet":{"background-color":"","background-image":"","background-repeat":"repeat","background-position":"center center","background-size":"auto","background-attachment":"scroll","background-type":"","background-media":"","overlay-type":"","overlay-color":"","overlay-gradient":""},"mobile":{"background-color":"","background-image":"","background-repeat":"repeat","background-position":"center center","background-size":"auto","background-attachment":"scroll","background-type":"","background-media":"","overlay-type":"","overlay-color":"","overlay-gradient":""}},"ast-content-background-meta":{"desktop":{"background-color":"var(--ast-global-color-5)","background-image":"","background-repeat":"repeat","background-position":"center center","background-size":"auto","background-attachment":"scroll","background-type":"","background-media":"","overlay-type":"","overlay-color":"","overlay-gradient":""},"tablet":{"background-color":"var(--ast-global-color-5)","background-image":"","background-repeat":"repeat","background-position":"center center","background-size":"auto","background-attachment":"scroll","background-type":"","background-media":"","overlay-type":"","overlay-color":"","overlay-gradient":""},"mobile":{"background-color":"var(--ast-global-color-5)","background-image":"","background-repeat":"repeat","background-position":"center center","background-size":"auto","background-attachment":"scroll","background-type":"","background-media":"","overlay-type":"","overlay-color":"","overlay-gradient":""}},"footnotes":""},"_links":{"self":[{"href":"https:\/\/klein-kaffee.de\/index.php?rest_route=\/wp\/v2\/pages\/5"}],"collection":[{"href":"https:\/\/klein-kaffee.de\/index.php?rest_route=\/wp\/v2\/pages"}],"about":[{"href":"https:\/\/klein-kaffee.de\/index.php?rest_route=\/wp\/v2\/types\/page"}],"author":[{"embeddable":true,"href":"https:\/\/klein-kaffee.de\/index.php?rest_route=\/wp\/v2\/users\/1"}],"replies":[{"embeddable":true,"href":"https:\/\/klein-kaffee.de\/index.php?rest_route=%2Fwp%2Fv2%2Fcomments&post=5"}],"version-history":[{"count":127,"href":"https:\/\/klein-kaffee.de\/index.php?rest_route=\/wp\/v2\/pages\/5\/revisions"}],"predecessor-version":[{"id":700,"href":"https:\/\/klein-kaffee.de\/index.php?rest_route=\/wp\/v2\/pages\/5\/revisions\/700"}],"wp:attachment":[{"href":"https:\/\/klein-kaffee.de\/index.php?rest_route=%2Fwp%2Fv2%2Fmedia&parent=5"}],"curies":[{"name":"wp","href":"https:\/\/api.w.org\/{rel}","templated":true}]}}